



{"id":7128,"date":"2015-12-16T11:37:14","date_gmt":"2015-12-16T10:37:14","guid":{"rendered":"https:\/\/www.idnerja.com\/?page_id=7128"},"modified":"2020-01-28T08:44:07","modified_gmt":"2020-01-28T07:44:07","slug":"willkommen","status":"publish","type":"page","link":"https:\/\/www.idnerja.com\/de\/spanisch-lernen-schule-nerja\/willkommen\/","title":{"rendered":"Willkommen"},"content":{"rendered":"[vc_row type=&#8220;in_container&#8220; full_screen_row_position=&#8220;middle&#8220; scene_position=&#8220;center&#8220; text_color=&#8220;dark&#8220; text_align=&#8220;left&#8220; overlay_strength=&#8220;0.3&#8243;][vc_column column_padding=&#8220;no-extra-padding&#8220; column_padding_position=&#8220;all&#8220; background_color_opacity=&#8220;1&#8243; background_hover_color_opacity=&#8220;1&#8243; column_shadow=&#8220;none&#8220; width=&#8220;1\/1&#8243; tablet_text_alignment=&#8220;default&#8220; phone_text_alignment=&#8220;default&#8220; column_border_width=&#8220;none&#8220; column_border_style=&#8220;solid&#8220;][vc_column_text]Liebe zuk\u00fcnftige Sch\u00fcler:<\/p>\n<p>Mit diesem Prospekt m\u00f6chten wir Ihnen unser Zentrum \u2013 die <strong>Escuela de Idiomas Nerja<\/strong>&#8211; und dessen Unterrichtsprogramm, -Pensum- und \u2013methoden nahebringen.<\/p>\n<p>Um unsere Sprache und Kultur kennen zu lernen &#8211; und das in einer famili\u00e4ren und entspannten Umgebung &#8211; schlagen wir Ihnen eine Reise nach Nerja vor, einem reizenden Dorf am Meer, umgeben von Str\u00e4nden und Bergen, mit einem subtropischen Klima das ganze Jahr \u00fcber.<\/p>\n<p>Unsere andalusische Schule sowie unsere <strong>Schulresidenz<\/strong> und nicht zuletzt unser motiviertes Lehrerteam, werden Ihren Aufenthalt zu einem unvergesslichen Erlebnis machen.<\/p>\n[\/vc_column_text][divider line_type=&#8220;No Line&#8220; custom_height=&#8220;48&#8243;][vc_row_inner column_margin=&#8220;default&#8220; text_align=&#8220;left&#8220;][vc_column_inner column_padding=&#8220;no-extra-padding&#8220; column_padding_position=&#8220;all&#8220; background_color_opacity=&#8220;1&#8243; width=&#8220;1\/2&#8243; column_border_width=&#8220;none&#8220; column_border_style=&#8220;solid&#8220;][vc_column_text]<img fetchpriority=\"high\" decoding=\"async\" class=\"alignnone size-full wp-image-22064\" src=\"https:\/\/www.idnerja.com\/wp-content\/uploads\/2014\/11\/Renate-y-Luis.jpg\" alt=\"\" width=\"305\" height=\"180\" \/>[\/vc_column_text][\/vc_column_inner][vc_column_inner column_padding=&#8220;no-extra-padding&#8220; column_padding_position=&#8220;all&#8220; background_color_opacity=&#8220;1&#8243; width=&#8220;1\/2&#8243; column_border_width=&#8220;none&#8220; column_border_style=&#8220;solid&#8220;][vc_column_text]Die Direktoren<\/p>\n<p><span style=\"color: #0066cc;\"><i>Renate Urban et Luis Carri\u00f3n<\/i><\/span>[\/vc_column_text][\/vc_column_inner][\/vc_row_inner][\/vc_column][\/vc_row][vc_row type=&#8220;in_container&#8220; full_screen_row_position=&#8220;middle&#8220; scene_position=&#8220;center&#8220; text_color=&#8220;dark&#8220; text_align=&#8220;left&#8220; overlay_strength=&#8220;0.3&#8243;][vc_column column_padding=&#8220;no-extra-padding&#8220; column_padding_position=&#8220;all&#8220; background_color_opacity=&#8220;1&#8243; background_hover_color_opacity=&#8220;1&#8243; column_shadow=&#8220;none&#8220; width=&#8220;1\/1&#8243; tablet_text_alignment=&#8220;default&#8220; phone_text_alignment=&#8220;default&#8220; column_border_width=&#8220;none&#8220; column_border_style=&#8220;solid&#8220;][\/vc_column][\/vc_row]\n","protected":false},"excerpt":{"rendered":"<p>Liebe zuk\u00fcnftige Sch\u00fcler: Mit diesem Prospekt m\u00f6chten wir Ihnen unser Zentrum \u2013 die Escuela de Idiomas Nerja- und dessen Unterrichtsprogramm, -Pensum- und \u2013methoden nahebringen. Um unsere Sprache und Kultur kennen&hellip;<\/p>","protected":false},"author":34,"featured_media":0,"parent":7006,"menu_order":1,"comment_status":"open","ping_status":"closed","template":"page-sidebar.php","meta":{"footnotes":""},"class_list":["post-7128","page","type-page","status-publish"],"_links":{"self":[{"href":"https:\/\/www.idnerja.com\/de\/wp-json\/wp\/v2\/pages\/7128","targetHints":{"allow":["GET"]}}],"collection":[{"href":"https:\/\/www.idnerja.com\/de\/wp-json\/wp\/v2\/pages"}],"about":[{"href":"https:\/\/www.idnerja.com\/de\/wp-json\/wp\/v2\/types\/page"}],"author":[{"embeddable":true,"href":"https:\/\/www.idnerja.com\/de\/wp-json\/wp\/v2\/users\/34"}],"replies":[{"embeddable":true,"href":"https:\/\/www.idnerja.com\/de\/wp-json\/wp\/v2\/comments?post=7128"}],"version-history":[{"count":1,"href":"https:\/\/www.idnerja.com\/de\/wp-json\/wp\/v2\/pages\/7128\/revisions"}],"predecessor-version":[{"id":165061,"href":"https:\/\/www.idnerja.com\/de\/wp-json\/wp\/v2\/pages\/7128\/revisions\/165061"}],"up":[{"embeddable":true,"href":"https:\/\/www.idnerja.com\/de\/wp-json\/wp\/v2\/pages\/7006"}],"wp:attachment":[{"href":"https:\/\/www.idnerja.com\/de\/wp-json\/wp\/v2\/media?parent=7128"}],"curies":[{"name":"wp","href":"https:\/\/api.w.org\/{rel}","templated":true}]}}

[vc_row type=&#8220;in_container&#8220; full_screen_row_position=&#8220;middle&#8220; scene_position=&#8220;center&#8220; text_color=&#8220;dark&#8220; text_align=&#8220;left&#8220; overlay_strength=&#8220;0.3&#8243;][vc_column column_padding=&#8220;no-extra-padding&#8220; column_padding_position=&#8220;all&#8220; background_color_opacity=&#8220;1&#8243; background_hover_color_opacity=&#8220;1&#8243; column_shadow=&#8220;none&#8220; width=&#8220;1/1&#8243; tablet_text_alignment=&#8220;default&#8220; phone_text_alignment=&#8220;default&#8220; column_border_width=&#8220;none&#8220; column_border_style=&#8220;solid&#8220;][vc_column_text]Liebe zukünftige Schüler:</p>
<p>Mit diesem Prospekt möchten wir Ihnen unser Zentrum – die <strong>Escuela de Idiomas Nerja</strong>&#8211; und dessen Unterrichtsprogramm, -Pensum- und –methoden nahebringen.</p>
<p>Um unsere Sprache und Kultur kennen zu lernen &#8211; und das in einer familiären und entspannten Umgebung &#8211; schlagen wir Ihnen eine Reise nach Nerja vor, einem reizenden Dorf am Meer, umgeben von Stränden und Bergen, mit einem subtropischen Klima das ganze Jahr über.</p>
<p>Unsere andalusische Schule sowie unsere <strong>Schulresidenz</strong> und nicht zuletzt unser motiviertes Lehrerteam, werden Ihren Aufenthalt zu einem unvergesslichen Erlebnis machen.</p>
[/vc_column_text][divider line_type=&#8220;No Line&#8220; custom_height=&#8220;48&#8243;][vc_row_inner column_margin=&#8220;default&#8220; text_align=&#8220;left&#8220;][vc_column_inner column_padding=&#8220;no-extra-padding&#8220; column_padding_position=&#8220;all&#8220; background_color_opacity=&#8220;1&#8243; width=&#8220;1/2&#8243; column_border_width=&#8220;none&#8220; column_border_style=&#8220;solid&#8220;][vc_column_text]<img fetchpriority="high" decoding="async" class="alignnone size-full wp-image-22064" src="https://www.idnerja.com/wp-content/uploads/2014/11/Renate-y-Luis.jpg" alt="" width="305" height="180" />[/vc_column_text][/vc_column_inner][vc_column_inner column_padding=&#8220;no-extra-padding&#8220; column_padding_position=&#8220;all&#8220; background_color_opacity=&#8220;1&#8243; width=&#8220;1/2&#8243; column_border_width=&#8220;none&#8220; column_border_style=&#8220;solid&#8220;][vc_column_text]Die Direktoren</p>
<p><span style="color: #0066cc;"><i>Renate Urban et Luis Carrión</i></span>[/vc_column_text][/vc_column_inner][/vc_row_inner][/vc_column][/vc_row][vc_row type=&#8220;in_container&#8220; full_screen_row_position=&#8220;middle&#8220; scene_position=&#8220;center&#8220; text_color=&#8220;dark&#8220; text_align=&#8220;left&#8220; overlay_strength=&#8220;0.3&#8243;][vc_column column_padding=&#8220;no-extra-padding&#8220; column_padding_position=&#8220;all&#8220; background_color_opacity=&#8220;1&#8243; background_hover_color_opacity=&#8220;1&#8243; column_shadow=&#8220;none&#8220; width=&#8220;1/1&#8243; tablet_text_alignment=&#8220;default&#8220; phone_text_alignment=&#8220;default&#8220; column_border_width=&#8220;none&#8220; column_border_style=&#8220;solid&#8220;][/vc_column][/vc_row]

<p>Liebe zukünftige Schüler: Mit diesem Prospekt möchten wir Ihnen unser Zentrum – die Escuela de Idiomas Nerja- und dessen Unterrichtsprogramm, -Pensum- und –methoden nahebringen. Um unsere Sprache und Kultur kennen&hellip;</p>
